= 1225. Calculate the highest common factor of 14805 and a.
35
Let s be ((-4)/8 + 41/(-6))*-36. Suppose 29*t - 18*t = s. Let j be t*6/9 + 1. What is the highest common divisor of j and 1?
1
Let g = -7428 - -8618. Calculate the highest common divisor of 4046 and g.
238
Suppose -4*r = 6*r + 90. Let v be (-48)/(-8) + (r - -59). What is the highest common divisor of 728 and v?
56
Suppose -55*k = -0*k - 1837 - 88. What is the greatest common divisor of 25515 and k?
35
Let a be ((-366)/9)/(4/(-42)). Suppose -306*s + 58*s = -43584 + 13328. Calculate the highest common divisor of a and s.
61
Let u be 556/1390 - (-203)/5. What is the highest common divisor of 8 and u?
1
Suppose 5*t - 3*n - 60 = 0, 3*n - 27 - 3 = -t. Suppose -3*f = -5*f + 44. Let p = 82 - f. What is the greatest common factor of p and t?
15
Let z be (4/(-8))/((-3)/402). Suppose 6*y + i - z = 3*y, 82 = 3*y - 2*i. Calculate the highest common factor of y and 8.
8
Let x be (13/((-104)/(-60)) + 0)*(-284)/(-3). Calculate the highest common factor of 10 and x.
10
Let k be (-4)/8 + (-270)/(-20). Let w(y) = y**2 + 6*y + 8. Let t be w(11). Suppose -t = 2*h - 7*h. What is the highest common divisor of k and h?
13
Suppose 5*s = 4*h - 437, -83 = -h + 88*s - 92*s. Calculate the highest common divisor of 14523 and h.
103
Suppose 0 = z - 3 + 4, 4*a + 3*z = 9. Suppose r - 3*s - 50 = 1, -a*r + 5*s = -173. Calculate the greatest common factor of 6 and r.
6
Suppose -1 = -5*x + 24. Suppose -f - 2*h = -5*h + 13, -x*f + h = -5. Suppose 0 = -f*q - 3 + 19. What is the greatest common factor of 40 and q?
8
Suppose -99*d + 25926 + 8642 - 4274 = 0. Calculate the highest common divisor of 408 and d.
102
Let t = -29760 - -32480. What is the highest common divisor of 280 and t?
40
Let b(f) = -f - 30. Let j be b(0). Let n = -80 - j. Let q = n - -65. What is the greatest common factor of 165 and q?
15
Let p be (38335/1122)/((-2)/60*-1). What is the greatest common divisor of 150 and p?
25
Let x be 740/6*11/(418/285). Calculate the greatest common factor of 475 and x.
25
Let s(o) = -2*o**3 + 11*o + 51. Let j be s(-7). Let f = 1097 - j. What is the highest common factor of f and 23?
23
Suppose -3*r + 25 = -29. Let v(t) = t + 17. Let p be v(-5). Let j = r + p. What is the greatest common factor of j and 12?
6
Let t(g) = g - 3. Let s be t(8). Suppose -3*h = s*p - 135, -2*h + 78 = -2*p + 4. What is the greatest common divisor of 6 and h?
2
Suppose -34*o - 300 = -9*o. Let i be (-6)/(-4) - ((-6)/o + -8). Let f = -102 - -201. Calculate the greatest common factor of i and f.
9
Suppose -2*o = 2*o + 8, 5*a - o - 362 = 0. Let d be 0 - -13 - (-2)/(-1). Suppose -d*u + 8*u = -a. Calculate the highest common factor of u and 48.
24
Let p(t) = t**2 + 111*t + 3141. Let b be p(-48). What is the greatest common divisor of 5109 and b?
39
Suppose -3764*r = -3898*r + 374530. What is the highest common factor of r and 130?
65
Let q(d) = -d**3 + 16*d**2 - 82*d + 1316. Let c be q(16). Let l = 61 - 33. What is the greatest common divisor of l and c?
4
Suppose 6*s + 68*s - 35816 = 0. Let m(u) = -2*u**3 - 7*u**2 + 7*u + 4. Let o be m(-5). What is the greatest common factor of o and s?
44
Suppose 0 = 2*g - y - 10822, -16220 = -3*g - 41*y + 36*y. What is the greatest common factor of 5 and g?
5
Let i = -11 - -14. Suppose i = -7*b + 8*b. Suppose n - 6*l + b*l = 20, 0 = 3*l + 12. Calculate the highest common divisor of 20 and n.
4
Suppose -19*o = 20*o - 30*o - 6444. Calculate the greatest common factor of 12 and o.
4
Let a = 55661 - 55562. Let k be -1 - (2 + -1684 + -2). Calculate the greatest common divisor of a and k.
99
Let a be -1*36/42*-84. Let t(c) = -3*c**3 - 6*c**2 - 3*c - 12. Let h be t(-4). Calculate the highest common divisor of h and a.
24
Let x be (11 - 9) + (0 - -75). Suppose 316*v = 310*v + 462. What is the greatest common divisor of v and x?
77
Let h be 3/18 - 22/(-12). Suppose h = -2*d + 8. Let m be 332/6 - 4/d. Calculate the highest common factor of m and 81.
27
Let y(k) = 7*k + 22. Let d be y(-10). Let p be (132/d)/(1/(-4)). What is the highest common factor of 1342 and p?
11
Let s = -3039 + 4963. Calculate the greatest common divisor of 222 and s.
74
Suppose 121309 = 306*q - 60455. Let i(o) = 2*o - 9. Let d be i(10). Calculate the highest common factor of q and d.
11
Suppose 2*k + 3 = 5*c - 136, k + 83 = 3*c. Suppose -c*n = -46*n + 209. What is the highest common divisor of n and 22?
11
Let k be -8 - -21 - -34 - -9. Suppose 0 = 5*v + 16 - 41. Suppose 65 = v*g - 5. Calculate the greatest common factor of k and g.
14
Suppose 4*t = -24 + 88. Let i be 1*8*1/2. Let g = t + i. What is the highest common factor of g and 220?
20
Suppose 0 = 3*i + 48*j - 47*j - 33, -4*j = i. Let d = -21 - -8. Let v = -7 - d. What is the highest common factor of i and v?
6
Suppose 7*d = 3*g - 2186, -192*g - 3558 = -197*g + d. Calculate the highest common factor of 10 and g.
10
Suppose 25 = 6*r - 5*a, -2*a + 24 = 5*r - 3*a. What is the highest common factor of 3935 and r?
5
Let j(c) = 401*c**2 + 14*c + 62. Let r be j(4). Calculate the greatest common factor of 54 and r.
54
Suppose -6*w + 492 = -3*w. Let l = -140 + w. Suppose 2*g = 6*g - 24. Calculate the greatest common divisor of l and g.
6
Let o be -16 - 1 - (-88 - -41). What is the greatest common factor of 2150 and o?
10
Suppose 26*n - 96 = 242. Let p be -4*n/(65/(-30)). What is the greatest common factor of p and 132?
12
Let h be 75/6 + (-54)/12. Calculate the greatest common divisor of 1336 and h.
8
Let u(i) = 1119*i - 1630. Let l be u(2). Calculate the highest common factor of 456 and l.
152
Suppose -y + 116 = y. Let o = 93 - 117. Let i = y + o. What is the greatest common divisor of 85 and i?
17
Let b(q) = 92*q - 708. Let o be b(9). Calculate the highest common factor of 345 and o.
15
Let l = 262 + -281. Let b = 79 - l. What is the greatest common divisor of 42 and b?
14
Let t = 3 - 4. Let s be 0 - 3 - ((-3)/3 + t). Let o be 111/12 - s/(-4). What is the highest common factor of o and 9?
9
Suppose -313*f = -56832 - 177918. What is the highest common factor of f and 18?
6
Let g = 20866 + -13370. Calculate the greatest common divisor of 16 and g.
8
Let v(o) = o**3 - 21*o**2 - 20*o - 42. Let d be v(22). Suppose g + 6 = 4*s - 43, -d*s + 29 = -5*g. What is the highest common divisor of s and 42?
6
Suppose 72 = -i - 3*f + f, 3*i - f = -209. Let b = 78 + i. Suppose 0 = 5*l + 3*x - 125, 5*x = 3*l - b*l + 135. Calculate the highest common factor of 110 and l.
22
Suppose -3*y + 4 + 20 = 0. Suppose -j = 2*a - 474, -4*j + 6 = -j. Let t = 260 - a. Calculate the highest common factor of y and t.
8
Suppose -2*z - p = -206, -3*z + 5*p - p + 287 = 0. Let i = z - 83. Suppose 0 = -4*x - 3 + 11. What is the greatest common divisor of x and i?
2
Let m(c) = c**3 + 3*c**2 - 10*c - 21. Let t be m(-4). Suppose 0 = -4*r + 2*l + l + 55, 0 = t*r + 4*l - 60. Calculate the highest common divisor of 208 and r.
16
Let r(h) = -593*h - 9277. Let j be r(-16). What is the highest common factor of j and 27008?
211
Suppose g = -4*g + 45. Suppose 42*j - 38*j - 762 = -2*y, 2*j = -4*y + 1542. What is the greatest common divisor of g and y?
9
Suppose -150 = -k + 550. Suppose -k = 7*i - 21*i. Calculate the greatest common divisor of i and 10.
10
Suppose -4*c - c = 5. Let k be c/1 + -3 + 216. Let g = 1074 + -1021. What is the highest common divisor of k and g?
53
Let m = 19 + 509. Let q(h) = -5*h**3 + 44*h**2 + 67*h - 22. Let x be q(10). Calculate the highest common divisor of x and m.
48
Let w be ((-24)/(-4))/((-3)/(-38)). Suppose 2*k + 0*k = 0. Suppose -7*b + 164 - 31 = k. Calculate the greatest common divisor of b and w.
19
Let j be 6*-1*(1 - 78/12). Suppose -w + 63 = r - j, -192 = -2*w - 4*r. Suppose 11*q = 3*q + w. Calculate the greatest common factor of 72 and q.
12
Let n(m) = 43*m + 217. Let d be n(0). Calculate the greatest common divisor of d and 49.
7
Suppose 35 = o - 73. Let g(i) = 8*i**2 + 41*i + 77. Let m be g(-2). What is the greatest common factor of o and m?
27
Let t be 5072 + 58 + (6 - 1). What is the greatest common factor of t and 65?
65
Suppose 35295 + 81030 = 165*m. Calculate the greatest common divisor of 90 and m.
15
Suppose -5*f = -0*f - 1785. Suppose -2*a - 3904 = -3946. What is the highest common factor of a and f?